, -3*f = -4*s - 3. Suppose s = 5*j - 25, -j + 1 = -5*q + 486. What is the units digit of q?
8
Let w(o) = 64*o**2 + 175*o - 52. What is the hundreds digit of w(-16)?
5
Let k be (-14)/(-49) - (227490/(-35) + -1). Suppose -k = -108*g + 97*g. What is the tens digit of g?
9
Let n(m) = -m**3 + 9*m**2 - 9*m + 7. Let f be n(6). Let k = 121 - 132. Let x = k + f. What is the tens digit of x?
5
Let i = -431 - -847. Let l = 902 - i. What is the hundreds digit of l?
4
Let a(q) be the second derivative of 14*q**2 + 0 + 16*q + 1/6*q**3. What is the units digit of a(12)?
0
Let c(j) = -89*j - 99. Let b be c(-13). Let v = b + -469. What is the units digit of v?
9
Let c = -205 - -206. Let i(n) = 384*n + 2. What is the hundreds digit of i(c)?
3
Let p(v) be the first derivative of -v**3/3 + 4*v**2 - 3*v - 10. Let z be p(6). What is the units digit of (1027/39)/(1/z)?
7
Let i(m) = 3330*m**2 - 75*m - 148. What is the hundreds digit of i(-2)?
3
Let o = 16109 + -14162. What is the units digit of o?
7
Suppose 2*p - 511 - 491 = 0. Let r = 571 + p. What is the hundreds digit of (-1 - r/(-10)) + 10/(-50)?
1
Let n(b) = 49*b**3. Let y be 94/4 - (2 + 6/(-4)). Let g = y - 22. What is the units digit of n(g)?
9
Let o(h) = -h**2 + 15*h - 32. Let y be o(12). Suppose -4*v = 4*k - 1008, 4*v + y*k - 5*k - 988 = 0. What is the tens digit of v?
4
Suppose 0 = -224*h + 222*h + 1850. What is the tens digit of h?
2
Let v = 1949 + -1134. Let m = 1324 - v. What is the hundreds digit of m?
5
Suppose -13*v + 56609 + 5003 = -20119. What is the hundreds digit of v?
2
Let g be (4 - (-6)/(-2)) + 3. Let a be (-2 + g)/((-2068)/(-516) - 4). Let s = 466 - a. What is the tens digit of s?
0
Suppose -3*t - 141 = -3*v, 4*v - 3*v = -5*t + 47. Let q = v + -45. Suppose 4*z + 75 = -q*w + 859, 2*z - w - 384 = 0. What is the tens digit of z?
9
Let a(j) = -681*j + 15. What is the thousands digit of a(-14)?
9
What is the tens digit of 3926 - (0 + 9 + -13)?
3
Suppose -65*w - 44*w + 1885390 = -970737. What is the thousands digit of w?
6
Let w be (-4)/14 + (-69)/(-21) - 0. Suppose 15 = -3*o, -5*z + o - w*o + 1310 = 0. What is the hundreds digit of z?
2
Suppose -4*t - o + 12 = -t, 0 = 4*t - 4*o. Suppose 0 = b + l - 233, -t*b + 5*l = l - 671. What is the tens digit of b?
2
Suppose 19*y - 7*y = 2952. Let w = y - 126. What is the tens digit of w?
2
Let k(q) = -q**3 - 45*q**2 - 127*q - 38. Let i be k(-42). Suppose -l + 154 = -i*g, 4*l - 556 = 7*g - 3*g. What is the hundreds digit of l?
1
Let g be ((-45132)/(-66))/(-1) + (-4)/22. Let x = 98 - 197. What is the units digit of g/(-11) - (-18)/x?
2
Suppose 3 = -u, 23*t = 21*t - 5*u + 9809. What is the units digit of t?
2
Suppose 0 = -3*a - 2*s + 55210, -15*a + 11*a - s + 73620 = 0. What is the ten thousands digit of a?
1
Let x(a) = -a**2 - 13*a - 47. Let p(b) = 1. Let d(k) = 6*p(k) - x(k). What is the hundreds digit of d(-16)?
1
Let f(p) = p**2 - 14*p + 13. Let b be f(6). Let o = b - -33. What is the units digit of 6*-88*o/12?
8
Let a(f) = 3*f**3 - 212*f**2 - 8*f + 43. What is the tens digit of a(72)?
0
Let o(p) = 9*p + 60 + 14*p - 9*p + 30*p**2. What is the hundreds digit of o(-5)?
7
Let b(z) = z**3 + 4349. What is the tens digit of b(0)?
4
Let f(d) = d**3 + 13*d**2 + 9*d + 18. Suppose 3*o = -4*y - 6, 0*y - 2*y + 2 = -o. Suppose 4*l + 3*m + 48 = y, 0 = -4*m + 2*m. What is the tens digit of f(l)?
5
Suppose 5*v - 24 = -v. Suppose v*o - 3 = 9. Suppose o*f - 124 = -2*m + 37, 2*f = 4*m + 102. What is the tens digit of f?
5
Let v(h) be the first derivative of 9*h**2/2 + 225*h - 159. What is the tens digit of v(31)?
0
Let t = 29194 + 2707. What is the units digit of t?
1
Suppose -741*o + 1851240 = -621*o. What is the units digit of o?
7
Suppose m = -5*n + 3 + 44, -4*m = -8. Suppose -n*f + 118 = -8. What is the units digit of f?
4
Let l be 34/2 + (115 - 109). Suppose 5*d + 4*v + 15 = -9, d - 5*v - 1 = 0. Let m = d + l. What is the tens digit of m?
1
Suppose -9*q + 87878 - 3755 = 0. What is the thousands digit of q?
9
Suppose 0 = -f - 5, 0*v - 5*v = 2*f - 35. What is the units digit of (-12)/(-54) + 1519/v?
9
Let s = -405 - -403. What is the units digit of 834 - (s/(0 - -2))/1?
5
Let u be (380/114)/((-4)/6). Suppose -2*z - 2*z + 3136 = 0. What is the tens digit of z/80 - (-1 + (-4)/u)?
1
Let u(f) = -f**3 - 6*f**2 + 8*f + 12. Let t be u(-8). Suppose t = 2*g - 118. Suppose 0 = -0*x - x + g. What is the units digit of x?
7
Let h be (2 + 13)*(-15)/(-45). Suppose 4*r - q + 154754 = 4*q, 116063 = -3*r + h*q. What is the tens digit of r/(-135) + (-2)/(-5)?
8
Suppose 91*w + 3919 = 92*w. What is the units digit of w?
9
Let i(w) = 15*w**3 + 12*w**2 - 56*w + 21. What is the tens digit of i(10)?
6
Let f = 949 - 395. Let r = f + -290. What is the hundreds digit of r?
2
What is the hundreds digit of 5/((-70)/(-272342)) - (-2 - 0/1)?
4
Let o(w) be the third derivative of -7*w**6/40 - w**5/60 + w**4/24 + 4*w**3/3 + 41*w**2. What is the hundreds digit of o(-3)?
5
Suppose -2*l - 3*c = 6951 - 30837, -3*l = 3*c - 35823. What is the units digit of l?
7
Let u be 21*(14/78 + (-58)/(-377)). Let f(x) = -x**3 - x**2 + 3 - 10*x + 10*x**2 + 5. What is the tens digit of f(u)?
3
What is the hundreds digit of (-27)/(-45) + 1177/(-15)*-33?
5
What is the hundreds digit of (-195)/3*250*(-3)/6?
1
What is the thousands digit of -8 + (5*-6709)/(25 + 110/(-4))?
3
Let k = 94 - 89. Suppose 0 = -k*i + i + 816. Let d = 426 - i. What is the units digit of d?
2
Let r(o) = -63*o**3 - 2*o**2 - o. Let y be -5*(-1)/((-20)/((-8)/(-2))). What is the units digit of r(y)?
2
What is the units digit of 4/3*(-22 + (-28535)/(-20))?
3
Let g(y) = -8*y + 68. Let c = -258 + 244. What is the hundreds digit of g(c)?
1
Let m(u) = -46*u**3 + 12*u**2 + 47*u + 307. What is the tens digit of m(-6)?
9
What is the hundreds digit of (-20842)/(-2) + 61/(1464/(-192))?
4
Let s(n) = 8*n**2 - 3*n - 5. Let m be s(-5). Suppose -268*g + 6450 = -253*g. Let t = g - m. What is the units digit of t?
0
Let n(d) = 20*d**2 + 7*d - 11. Suppose f + 7*f = 56. What is the hundreds digit of n(f)?
0
Suppose -20*l + 17*l - 4*x + 6136 = 0, -2*l - 2*x = -4094. Let u = 2888 - l. What is the units digit of u?
6
Let a be (8/(-24))/(1/(-57)). Suppose 1 - a = -6*i. Suppose i*h + 47 = 245. What is the tens digit of h?
6
Let w be ((-1)/(-2))/(-1 - 1340/(-1336)). Suppose 3*a - 90 = 132. Let d = w - a. What is the tens digit of d?
9
Suppose 16*s = -5*m + 8*s + 187193, -3*m - 5*s = -112316. What is the units digit of m?
7
Suppose 0 = 2*s - 6, 2*b - 1435 = -4*s - 275. Suppose -5*d + 381 = -b. What is the units digit of d?
1
Suppose 35*w - 37*w + 10 = 0, 4*g = w + 42011. What is the hundreds digit of g?
5
Let n(w) = 27*w**2 - 3*w + 12. Let r(x) = -41*x**2 + 4*x - 18. Let c(h) = -7*n(h) - 5*r(h). What is the tens digit of c(3)?
5
Let t be (0/(4/(-4) - 2))/2. Suppose t = -s, 0*q - s = q - 24. Suppose -19*k - 555 = -q*k. What is the units digit of k?
1
Suppose 4*r + 4*g = 3992, 1109 + 893 = 2*r - 4*g. Let s = 193 + r. What is the tens digit of s?
9
Suppose 5*x - 1746 = 2*s + 4444, -s = 2*x + 3113. Let p = -1987 - s. What is the tens digit of p?
1
Suppose 2*v + 6 = -5*i + 57, 3 = 2*i - 5*v. Let o be (i + -3)/(0 - -2). Suppose o*l = 287 - 20. What is the units digit of l?
9
Let s be (-8 + (-463)/(-2))*(-2)/(-3). Suppose 3*i - 514 = -n, 2*i - 5*n - s - 188 = 0. What is the tens digit of i?
7
Let o = 12881 + -10304. What is the hundreds digit of o?
5
Suppose 20*c + 147004 = 64*c. Let y = -2342 + c. What is the units digit of y?
9
Let k(t) = -t**3 - 8*t**2 - 164*t - 78. What is the thousands digit of k(-13)?
2
Suppose -182*x + 181*x + 6 = 0, 32640 = 5*y + 5*x. What is the units digit of y?
2
Let v(s) = 226*s - 1136. What is the thousands digit of v(21)?
3
Suppose 48 = -3*p - j, -p + 5*j + 16 = 48. Let n(y) = y**2 - 23*y - 13. What is the units digit of n(p)?
7
Let j = -2515 + 4019. Suppose j = 4*i + 2*f, 3*i - 5*f = 4*i - 367. What is the units digit of i?
7
What is the hundreds digit of (0 - -46049) + 214 + -239?
0
Let x = 477 + -323. What is the tens digit of x?
5
Let x be ((-107)/2)/((-8)/(-16)). Suppose -4*v - 780 = -t, -2*t = -4*v - 4*t - 792. Let y = x - v. What is the tens digit of y?
8
Suppose -5*m - 2*x = -56843, -7*m + 56850 = -2*m - 5*x. What is the hundreds digit of m?
3
Suppo